der when y is divided by u?
15
Suppose -35*r + 503 = -232. Calculate the remainder when 564 is divided by r.
18
Suppose 4*b - 2 = 166. Calculate the remainder when b is divided by 23.
19
Let d be -3*(1 + -3 + -83). Suppose -5*m + d - 45 = 0. Calculate the remainder when 249 is divided by m.
39
Let x = -207 + 285. Calculate the remainder when 621 is divided by x.
75
Let h(u) = 2*u**2 + 4*u - 5. What is the remainder when (-65330)/(-658) + 2/(-7) is divided by h(-5)?
24
Let f = 5 - 7. Let l(a) = -10*a - 27. What is the remainder when (1/2)/(f/(-16)) is divided by l(-3)?
1
Let u(x) = -x**2 - 16*x - 9. Let b be u(-7). Calculate the remainder when (b/45)/(2/65) is divided by -3 + -6 + 3 + 27.
18
Let t be (4 + -5)/((-1)/(-5)). Let g = 23 + t. Suppose -87 = -3*l + 4*j, -2*j - 13 = -l + g. What is the remainder when 49 is divided by l?
24
Suppose 3*l - 13 - 2 = 0. Suppose 5*j + 80 = 5*i, l*i + 0*i - 4*j - 79 = 0. What is the remainder when 102 is divided by i?
12
Let k(a) = a**3 + 10*a**2 + 14*a - 8. Let b be 4*-2*(5 - 4). What is the remainder when 30 is divided by k(b)?
6
Suppose 0 = -2*r + 6*r - 68. Suppose -3*w = 2*u - r, 7*u + 16 = 4*w + 3*u. What is the remainder when 1*(-3)/(-6)*34 is divided by w?
2
Let m be 2/3 + (-496)/(-12). Let l = 62 - m. Let s = l + -14. Calculate the remainder when s is divided by 3.
0
Suppose 0 = 4*w - 4*f - 240, -3*w + 13*f = 8*f - 184. Calculate the remainder when 463 is divided by w.
57
Let a = 74 + -66. Calculate the remainder when 32 is divided by a.
0
Let a(t) = -t**3 - 16*t**2 - 14*t + 35. Calculate the remainder when a(-15) is divided by 13.
7
Let y(b) = 3*b + 44. Calculate the remainder when 45 is divided by y(-6).
19
Suppose q + 35 - 46 = 0. Calculate the remainder when 349 is divided by q.
8
Let u = -1631 - -1683. Calculate the remainder when 361 is divided by u.
49
Suppose 0 = 8*z + 24 - 64. Suppose 0 = z*u + t + 2 - 117, -3*u - 5*t + 69 = 0. Let o = u - 11. What is the remainder when 19 is divided by o?
7
What is the remainder when (-835)/(-55) + (-18)/99 is divided by 2?
1
Let d be (-3 + (7 - 4))/3. Suppose d*k - 16 = -k. What is the remainder when 31 is divided by k?
15
Let x = 57 + -33. Let w = 33 - x. What is the remainder when 24 is divided by w?
6
Suppose 3*l = -c + 8, -7*l + 4*l = -4*c + 2. Suppose -12 - 16 = -4*s. What is the remainder when 174/15 - l/(-5) is divided by s?
5
Suppose -4*l + 0*b + b = -1553, -4*l - b = -1559. What is the remainder when l is divided by 39?
38
Suppose 0*f + 3*f = -5*x + 54, 2*x = -f + 18. Suppose 0 = o + 2*l - 24, 2 = o - 2*l - f. Calculate the remainder when 86 is divided by o.
20
Let u(x) = 13*x. Let o = 1379 + -1371. Calculate the remainder when u(3) is divided by o.
7
Let i(z) = -z + 58. What is the remainder when i(-24) is divided by 22?
16
Let d = -34 - -42. Suppose 0 = 2*o - 3*h + d*h - 116, -4*o + 260 = 3*h. What is the remainder when o is divided by 14?
12
Let u(t) = -2*t - 9 + 2*t - t. Calculate the remainder when u(-14) is divided by 4.
1
Let n(t) = -24*t + 377. Calculate the remainder when 1687 is divided by n(13).
62
Let m = 7 - 0. Suppose 0 = a - 2 - 3. Let o(i) = 3*i - 11. What is the remainder when m is divided by o(a)?
3
Suppose -3 = 4*h - 27. Suppose -h = -2*q, -3*x + 2*q - 6*q = -261. Calculate the remainder when x is divided by 12.
11
Suppose -4053*y = -4045*y - 32. Calculate the remainder when 11 is divided by y.
3
Let k(z) = z**2 + 6*z + 8. Let n be k(-7). Suppose 17*o - n*o = 58. What is the remainder when o is divided by 17?
12
Suppose 2*y = 4*q - 6 - 26, 0 = 5*q + 4*y - 14. Suppose -12 - q = -3*k. Calculate the remainder when (k/4)/(3/54) is divided by 10.
7
Suppose u - 2 = 3*a - 11, 0 = 5*a - 5*u - 25. Suppose v - 16 = -3*o - a, 0 = -4*v + 4*o + 72. Calculate the remainder when 32 is divided by v.
15
Let s(k) = 6*k + 5. Let n be s(-6). Let f be (-8)/(-32) - n/4. Suppose 2*b = 4*q - 46, -q = -2*b - 2*b - f. What is the remainder when 34 is divided by q?
10
Suppose -8 = m - 4. Let k be (-2)/m + 2421/18. Calculate the remainder when k/(-6)*2/(-3) is divided by 6.
3
Let z = 1440 - 1125. What is the remainder when z is divided by 11?
7
Let z = 28 + -30. Calculate the remainder when 7 is divided by z + 3 + 15/5.
3
Let f(r) = r**2 - 8*r - 8. What is the remainder when f(13) is divided by 7?
1
Let l = 83 + -29. Let u(m) = m**2 + 3*m - 3. Calculate the remainder when l is divided by u(-6).
9
Let q be -33*(3 + 14/(-3)). Let n = q - 21. Calculate the remainder when n is divided by 7.
6
Suppose 11151 = 102*q - 5067. What is the remainder when q is divided by 85?
74
Let u(x) = x**3 + 8*x**2 - 2*x - 4. Let f = -125 + 155. Calculate the remainder when u(-6) is divided by f.
20
Let n = 495 + -164. What is the remainder when n is divided by 37?
35
Calculate the remainder when (-1 + -32)*(-13 - -12) is divided by 2*8 + -4 + 5.
16
Suppose 4*t + 480 = 4*b, 620 = -4*t - t + b. Suppose 0 = 3*p + p - 140. What is the remainder when p is divided by ((-4)/(-5))/((-5)/t)?
15
Suppose 5*d + 532 = 587. What is the remainder when 252 is divided by d?
10
Calculate the remainder when (1/2)/(8/1328)*1 is divided by 43.
40
Let k = 46 + -31. Let v(d) = 59*d. Let o be v(1). What is the remainder when o*((-1 - -2) + 0) is divided by k?
14
Let z(h) = -11*h + 3. Suppose 5*j + 3*u = 160, -60 - 46 = -4*j + 2*u. What is the remainder when z(-10) is divided by j?
26
Suppose 2*u - 8 - 6 = 0. Let l be (1 - 6008/24) + 2/6. Let t = l + 274. Calculate the remainder when t is divided by u.
4
Suppose 0 = 4*c + 2*s - 46, -19 = -c + 3*s - 5*s. Let b = 1 - 3. Let t(o) = -o**3 - 2*o**2 - 2*o. Calculate the remainder when c is divided by t(b).
1
Suppose 5*l = 2*l + 12. Suppose -l = c - 32. What is the remainder when c is divided by 8?
4
Suppose 0 = -2*v + 4, -v - 47 - 5 = -2*w. Suppose -4*f + 7 = -4*x + 19, 4*x = -5*f + 48. What is the remainder when w is divided by x?
6
Suppose -2*l - 2*d + 12 = 0, 0*l + 5*d + 30 = l. Calculate the remainder when 13 is divided by l.
3
Suppose -10*y = -17*y + 4718. Calculate the remainder when y is divided by 224.
2
Suppose 20*x - 5*k - 223 = 16*x, -4*k + 144 = 2*x. Calculate the remainder when 207 is divided by x.
21
Let r = -1168 - -1206. Calculate the remainder when 55 is divided by r.
17
Let d(z) = z + 10. Suppose 78 = -q + 4*q. Let j = 37 + q. What is the remainder when j is divided by d(6)?
15
Let s(r) = r**3 - 4*r**2 + 4*r. Let d be s(3). Suppose -d*x - 114 = 3*k, 0 = 2*k - 3*x + 53 + 28. Calculate the remainder when 2/(-3)*k/1 is divided by 10.
6
Let x be 108/(-2)*(-3)/9. Suppose x*q + 195 - 735 = 0. Let c = 114 - -4. What is the remainder when c is divided by q?
28
Suppose -6*b + b + 2540 = 0. Suppose 0 = -3*y - j + 4*j + 399, -2*j = 4*y - b. Calculate the remainder when y is divided by 33.
30
Calculate the remainder when 35 is divided by 4 + 9/((-9)/(-20)).
11
Suppose 4*z = -2*i + 5078, -z - 51*i = -50*i - 1267. Calculate the remainder when z is divided by 19.
18
Let m(s) = -7*s**2 + s + 33. Let j(t) = 3*t**2 - 16. Let p(v) = -5*j(v) - 2*m(v). Calculate the remainder when 0 - (1 - -164)/(-3) is divided by p(0).
13
Let o = -37 + 74. Let b = -84 + 193. What is the remainder when b is divided by o?
35
Let j = -137 - -255. Suppose 45 = 123*y - j*y. Calculate the remainder when (0 + 2)/(4/30) is divided by y.
6
Let w = -116 - -253. What is the remainder when w is divided by 29?
21
Let j = 4 - 2. Let h = j - 13. Let b = h - -75. What is the remainder when b is divided by 22?
20
Suppose -109 = -3*o + 65. Let n = 114 - o. Calculate the remainder when n is divided by 15.
11
Let k = 70 + -52. What is the remainder when k is divided by 13?
5
Let f = -13 + 85. Let t(v) = 26*v**3 - 2*v**2 + v. What is the remainder when f is divided by t(1)?
22
Suppose -2*j = -3*v + 98, j = -3*v + 4*v - 32. What is the remainder when 87 is divided by v?
19
Let b(y) be the second derivative of -y**4/12 + 5*y**3/6 + 5*y**2 + 3*y. Let z be 26/5 - 11/55. Calculate the remainder when 18 is divided by b(z).
8
Calculate the remainder when -2*(-1)/3*((-72)/(-6) + -9) is divided by 3*((-4)/(-6))/1.
0
Let v(m) = m**3 + m**2 + 3*m + 20. Calculate the remainder when 158 is divided by v(0).
18
Suppose -2*u - 3 = -15. Let l = 337 - 286. Calculate the remainder when l is divided by u.
3
What i